l) = -3*l**2 + 10*l - 11. Calculate t(1).
-4
Let u(o) = o**3 - o**2 - 9*o + 10. What is u(5)?
65
Let o(z) = 3*z - 52. Give o(20).
8
Let q(z) = -z**3 + 2*z**2 + 5*z - 7. Determine q(-3).
23
Let i(z) = -28*z - 5. Give i(-2).
51
Let h(o) = -o**2 + 5*o + 7. Determine h(5).
7
Let a(w) = -2*w**3 + 5*w**2 - 6*w + 2. Calculate a(2).
-6
Let g(s) = 8*s**2 + 2*s - 2. What is g(3)?
76
Let y(l) = -l - 7. Give y(-10).
3
Let y(x) = x**3 - 7*x**2 - 15*x + 63. Determine y(8).
7
Let w(s) = -31*s**2 + 2*s - 1. Determine w(1).
-30
Let q(d) = -2*d**2 - 18*d - 26. Determine q(-6).
10
Let n(f) = -3*f**2 + 50*f + 21. Calculate n(17).
4
Let n(m) = -m**3 - 12*m**2 + 12*m - 13. Calculate n(-13).
0
Let v(c) = -10*c + 5. What is v(3)?
-25
Let a(b) = -8*b**2 - b + 1. Determine a(-3).
-68
Let v(d) = d**3 + 12*d**2 + 15*d + 31. Give v(-11).
-13
Let u(v) = -46*v + 1. What is u(3)?
-137
Let z(m) = m**2 - 11*m + 6. Determine z(12).
18
Let z(p) = -5*p - 41. What is z(-9)?
4
Let b(f) = -12*f + 86. Calculate b(9).
-22
Let v(s) = -2*s**3 - 8*s**2 - 2*s - 10. Calculate v(-4).
-2
Let o(s) = -88*s + 1. Calculate o(-1).
89
Let t(j) = j**3 - 18*j**2 + j - 24. Calculate t(18).
-6
Let h(c) = -c**3 - 2*c + 3. What is h(2)?
-9
Let q(u) = -u**3 - 16*u**2 - 29*u - 12. Determine q(-14).
2
Let h(x) = 3*x - 2. Calculate h(3).
7
Let m(d) = -40*d - 1. What is m(2)?
-81
Let t(p) = -p - 7. Determine t(-8).
1
Let i(o) = o**2 + 4*o - 7. Determine i(-7).
14
Let a(p) = -33*p + 889. Determine a(27).
-2
Let l(h) = 2*h**2 + h - 4. Determine l(-4).
24
Let g(d) = 2*d**3 - 3*d**2 + 2. Give g(1).
1
Let n(c) = -c**2 - 30*c - 82. Determine n(-27).
-1
Let c(x) = 2*x**3 - 19*x**2 + 7*x + 36. Calculate c(9).
18
Let g(c) = -c**3 + 15*c**2 - 14*c + 7. Determine g(14).
7
Let s(g) = -g**2 + 14*g - 9. Determine s(14).
-9
Let c(a) = -2*a**3 - 6*a**2 + 22*a + 4. What is c(-5)?
-6
Let c(a) = a**3 - 4*a**2 - 2*a - 9. Give c(5).
6
Let n(q) = 23*q**3 + q**2 - q - 1. What is n(-1)?
-22
Let o(g) = -8*g**2 + 41*g - 3. What is o(5)?
2
Let k(y) = -y**2 - 9*y - 6. Determine k(-10).
-16
Let i(w) = 2*w**3 + 2*w**2 - w - 1. What is i(1)?
2
Let b(x) = -x - 7. Calculate b(-12).
5
Let p(h) = 2*h**3 + 35*h**2 + 16*h - 7. What is p(-17)?
10
Let g(x) = 12*x + 80. Give g(-7).
-4
Let m(p) = -2*p**2 + 50*p + 49. Give m(26).
-3
Let q(i) = -i**3 - 7*i**2 + 9*i + 16. Determine q(-8).
8
Let y(z) = -z**3 - 11*z**2 + 24*z - 18. Determine y(-13).
8
Let y(v) = -v**2 + 6*v - 1. What is y(7)?
-8
Let k(m) = -m - 9. Give k(-7).
-2
Let k(u) = -u**3 + u + 5. Give k(0).
5
Let h(i) = -i**3 - 8*i**2 - 8*i - 3. Calculate h(-7).
4
Let j(t) = -20*t + 10. Calculate j(0).
10
Let u(p) = 5*p - 100. Calculate u(19).
-5
Let t(u) = 2*u + 3. Calculate t(-9).
-15
Let a(y) = 6*y**2 - 3*y + 2. Give a(2).
20
Let h(s) = -4*s + 59. What is h(16)?
-5
Let t(c) = -c**3 + 4*c**2 + 5*c + 1. What is t(5)?
1
Let c(i) = i**3 - 11*i**2 - 8*i - 40. Calculate c(12).
8
Let b(k) = k**3 + 4*k**2 + k - 6. Calculate b(-5).
-36
Let v(q) = -2*q**2 + 8*q + 4. Determine v(6).
-20
Let b(d) = -d**2 - 9*d - 16. Give b(-5).
4
Let c(j) = j**2 + 7*j + 3. What is c(-7)?
3
Let c(n) = 2*n**2 + 1. Give c(2).
9
Let x(s) = s**2 + 3. Give x(-3).
12
Let i(z) = 2*z**3 + 11*z**2 + 4*z + 6. Calculate i(-5).
11
Let n(b) = b**2 - 15*b + 6. Give n(14).
-8
Let y(f) = -f**2 + 9*f - 19. Determine y(10).
-29
Let w(q) = -2*q**3 + q + 1. Calculate w(-1).
2
Let t(r) = -r**2 - 14*r - 12. Calculate t(-10).
28
Let b(d) = 8*d - 83. Calculate b(10).
-3
Let z(x) = 7*x - 234. Calculate z(32).
-10
Let f(v) = v - 6. Give f(8).
2
Let q(m) = -8*m**3 + 3*m**2 + 2*m. What is q(-1)?
9
Let k(h) = 2*h + 3. Calculate k(-1).
1
Let z(j) = 2*j**3 - 39*j**2 - 22*j + 43. Give z(20).
3
Let l(m) = m**3 - 16*m**2 + 23*m + 43. Calculate l(14).
-27
Let r(f) = -f**3 + f**2 + f + 1. Give r(-2).
11
Let j(q) = q**3 - 5*q**2 + q + 1. Give j(5).
6
Let y(u) = -3*u + 81. What is y(28)?
-3
Let a(i) = -i**2 - 5*i + 19. Calculate a(-9).
-17
Let c(b) = -b**3 - b**2 + 3*b + 5. Determine c(-3).
14
Let h(u) = -2*u - 18. Determine h(-8).
-2
Let h(w) = -15*w - 12. What is h(-4)?
48
Let g(t) = -11*t**3 + t**2 + 6*t + 4. What is g(-2)?
84
Let k(m) = m**2 + 26*m + 171. Give k(-13).
2
Let i(u) = -145*u + 865. What is i(6)?
-5
Let w(c) = 5*c + 95. What is w(-19)?
0
Let r(v) = -v**3 + v**2 + 3*v - 1. Give r(-2).
5
Let c(f) = -f**3 + f - 7. Give c(0).
-7
Let f(h) = -110*h + 438. Determine f(4).
-2
Let q(x) = x**2 + 14*x + 7. Determine q(-13).
-6
Let n(s) = -2*s**2 + 3*s - 3. Determine n(3).
-12
Let v(t) = t**3 - 30*t**2 + 51*t - 3. Give v(28).
-143
Let y(b) = -b**2 - 6*b - 4. What is y(-3)?
5
Let g(y) = 31*y + 3. Give g(2).
65
Let k(o) = -75*o**3 - o - 1. Give k(-1).
75
Let i(f) = 19*f - 189. Determine i(10).
1
Let z(x) = 10*x - 4. Calculate z(4).
36
Let n(w) = w**2 - 6*w - 13. What is n(9)?
14
Let i(a) = 3*a**2 + 18*a - 12. Calculate i(0).
-12
Let x(j) = -j + 4. Give x(0).
4
Let l(m) = 39*m**3 - m**2 + 2*m - 1. Calculate l(1).
39
Let l(t) = -7*t + 91. What is l(14)?
-7
Let i(p) = -p**2 + 7*p - 7. Give i(3).
5
Let b(p) = -2*p**2 + 7*p + 6. Calculate b(6).
-24
Let s(a) = a**3 - 11*a**2 - 3*a + 13. What is s(11)?
-20
Let y(x) = -49*x + 4. Determine y(1).
-45
Let x(j) = -j**3 + 3*j**2 - 2*j - 2. Give x(2).
-2
Let s(z) = -z**3 - 32*z**2 + 2*z + 66. Give s(-32).
2
Let d(n) = n**2 + 3*n + 15. What is d(-7)?
43
Let o(b) = -b**2 + 4*b + 3. Calculate o(9).
-42
Let s(j) = 57*j**3 + j**2 - 5*j + 4. Calculate s(1).
57
Let k(p) = p**3 + 8*p**2 + 51*p + 307. Determine k(-7).
-1
Let j(v) = v**2 - 15*v - 8. Give j(14).
-22
Let c(g) = g**3 - 2*g**2 - 5*g - 1. What is c(4)?
11
Let v(s) = -11*s + 217. Give v(20).
-3
Let g(s) = 15*s + 4. Determine g(2).
34
Let j(g) = -19*g**3 + g**2 - g - 3. Calculate j(-1).
18
Let k(t) = t**3 - 12*t**2 - t + 17. Determine k(12).
5
Let x(u) = u**2 + 11*u - 32. Calculate x(-13).
-6
Let d(t) = -2*t - 18. Calculate d(-14).
10
Let f(t) = t**2 - 10*t + 3. Determine f(9).
-6
Let h(o) = o**2 + 13*o - 7. What is h(-6)?
-49
Let f(c) = c**3 + 5*c**2 - 3*c + 20. Determine f(-6).
2
Let c(z) = z**2 + 24*z - 38. What is c(-26)?
14
Let m(v) = -28*v - 6. Give m(-1).
22
Let p(b) = 2*b**2 - 16*b + 1. What is p(8)?
1
Let p(v) = -28*v**2 - 3*v + 8. Determine p(2).
-110
Let a(q) = q**2 + 5*q + 15. Calculate a(-7).
29
Let z(c) = -c**3 - 29*c**2 - 26*c + 35. Determine z(-28).
-21
Let t(d) = d**3 + 7*d**2 + 6*d - 4. Determine t(-5).
16
Let a(p) = -27*p - 21. Calculate a(2).
-75
Let t(l) = 2*l - 47. Determine t(38).
29
Let q(l) = 4*l**2 - l + 2. Determine q(1).
5
Let g(k) = -k**3 + 8*k**2 - 8*k + 6. Determine g(7).
-1
Let h(u) = -20*u - 415. Give h(-20).
-15
Let b(x) = -x**2 - 28*x - 192. Give b(-14).
4
Let k(o) = 3*o + 10. Calculate k(-19).
-47
Let i(v) = v**3 + 16*v**2 - 4*v - 68. Calculate i(-16).
-4
Let k(w) = -w**3 - 15*w**2 + 31*w - 14. Give k(-17).
37
Let o(d) = -d - 1. What is o(1)?
-2
Let t(i) = -i**2 + 8*i + 16. Determine t(9).
7
Let t(j) = -19*j - 9. What is t(-1)?
10
Let r(y) = -7*y**2 - 3*y - 1. Give r(-2).
-23
Let c(h) = -h**2 - 6*h - 10. Calculate c(-10).
-50
Let l(y) = -26*y**2 - y + 2. Give l(1).
-25
Let m(r) = -3*r - 22. Calculate m(-7).
-1
Let x(o) = o**3 + 40*o**2 + 40*o + 59. Give x(-39).
20
Let f(m) = m**2 + 5*m - 14. What is f(-8)?
10
Let l(d) = 45*d**2 + 407*d + 11. What is l(-9)?
-7
Let f(v) = v**3 + 2*v**2 - 3*v + 1. Determine f(2).
11
Let c(m) = -m**3 + 15*m**2 - 14*m - 2. What is c(14)?
-2
Let k(y) = 11*y + 51. What is k(-12)?
-81
Let p(q) = 3*q**2 - 5*q + 2. Give p(4).
30
Let g(x) = -x**3 + 4*x**2 - 2*x - 1. Calculate g(3).
2
Let q(j) = -j**2 - 19*j - 39. What is q(-16)?
9
Let u(x) = -55*x - 335. Calculate u(-6).
-5
Let t(r) = -r**3 - 12*r**2 - 9*r + 15. What is t(-11)?
-7
Let j(f) = -10*f - 3. Calculate j(-3).
27
Let o(r) = 4*r**3 - 2*r**2 + r - 3. What is o(2)?
23
Let a(v) = v**2 + 17*v + 49. Calculate a(-14).
7
Let x(l) = -l**2 + 5*l + 1. Determine x(4).
5
Let h(z) = -z**3 + 10*z**2 - 7*z - 1. Calculate h(9).
17
Let d(q) = 2*q - 8. Calculate d(-7).
-22
Let y(d) = d**2 - 36*d - 72. Determine y(38).
4
Let k(g) = g**2 + 5*g - 208. What is k(-17)?
-4
Let z(y) = -y**3 + 7*y**2 - y + 12. Calculate z(7).
5
Let t(p) = 8*p + 17. Calculate t(4).
49
Let c(l) = -3*l**3 - 3*l**2 + 8*l + 13. What is c(-2)?
9
Let r(h) = -h**2 - 6*h - 6. What is r(-5)?
-1
Let q(o